 What is the greatest common factor of g and t?
10
Let a(u) = 4*u + 14. Let h be a(-1). Let r(f) = 6*f - 58. Let o be r(h). Calculate the highest common divisor of 58 and o.
2
Let u(m) be the second derivative of -m**5/20 + m**3/3 - 5*m**2 - m. Let c = 585 + -590. Let k be u(c). What is the highest common divisor of 15 and k?
15
Let k(v) = 557*v + 2. Let o be k(1). Suppose x - 205 + 120 = -3*i, -14 = -2*x. What is the highest common factor of o and i?
13
Suppose -4*w - 51*x - 906 = -53*x, 459 = -2*w + 3*x. Let a = -180 - w. What is the greatest common divisor of a and 5?
5
Suppose -5*f + 20963 = -2*f + 2*h, 0 = 2*f - 2*h - 13962. What is the greatest common divisor of 110 and f?
55
Let z = -14 - -64. Suppose s = -4*k + 660, 2*k - 2*s - z = 270. What is the greatest common factor of k and 4?
4
Let m(x) = 1686*x - 10042. Let f be m(6). What is the highest common factor of 256 and f?
2
Suppose 112*r - 108*r - 16704 = -2*w, -5*w = 0. What is the greatest common divisor of 87 and r?
87
Let a = 333 - 205. Suppose -253 + a = -5*v. Calculate the greatest common divisor of v and 75.
25
Suppose -76*f + 359 + 1161 = 0. Calculate the greatest common divisor of 2005 and f.
5
Suppose 2*q - 2*u = 2, -3*q + 5*u + 2 + 1 = 0. Let p be (1 + -2)*-3*q. Let z be (-11)/(88/36)*-2. What is the greatest common divisor of z and p?
3
Let s(y) = -y**2 + 19*y + 119. Let h be s(19). What is the highest common factor of h and 7?
7
Let j(y) = -6*y - y**2 - 2*y - 2 + 1. Let o be j(-6). Suppose -52*x - 2530 = -3674. Calculate the highest common divisor of x and o.
11
Suppose -4*y = -4*a + 6*a + 8, 2*a = 4. Let c(v) = -109*v - 254. Let f be c(y). What is the greatest common divisor of 1168 and f?
73
Suppose -3*u + 1522 = 372*i - 370*i, 0 = 5*u + 3*i - 2535. What is the greatest common factor of u and 56?
56
Let s(l) = l**3 + 5*l**2 - 5*l. Let k be s(-6). Let a be k/8 - (-495)/36. Let g be (-2 - 17) + (-202 - -247). Calculate the greatest common divisor of a and g.
13
Let d(r) = 2*r**2 - 35*r + 76. Let i be d(16). Suppose 0 = 3*c - 2*m - 229, -23*c = -i*c - 2*m + 371. Calculate the highest common factor of c and 675.
75
Let u = -962 + 1490. Suppose -9*r = -r + u. Let k = -50 - r. Calculate the highest common factor of 128 and k.
16
Suppose -w + 8 = -2*l, 2 = 3*w + 5*l - 77. Let q(c) = -c**2 + 14*c + 82. Let d be q(w). Calculate the highest common divisor of 290 and d.
10
Let i(l) = l**3 - 5*l**2 - 7*l - 24. Let k be i(7). What is the greatest common divisor of 50 and k?
25
Suppose 3*h = 79 + 2. Let x(v) = 19*v**2 - 140*v + 18. Let z be x(9). What is the greatest common factor of h and z?
27
Suppose -4*m = -5*t + 10014, -t + 7*m - 10*m + 1999 = 0. Calculate the greatest common divisor of 169 and t.
13
Let g be (-18)/(-126) - 2*54/(-28). Suppose -k = -0*k - 3. Let s = k - -41. What is the greatest common divisor of g and s?
4
Suppose -u - 3*u + 16 = 0. Suppose 29 + 11 = u*m. Let c be ((-36)/(-45))/(4/m). What is the greatest common factor of 10 and c?
2
Suppose 8*c - 10*c - 842 = 0. Let h = c - -637. Suppose 5*t - h = 4*i + 455, -3*i = -3. What is the highest common divisor of t and 27?
27
Let f(z) be the first derivative of 5*z**3 - 3*z**2/2 + 7*z - 128. Let j be f(2). Calculate the highest common divisor of j and 488.
61
Let w(q) = -29*q - 6 - 22*q + 46 + 152. Let d be w(-8). What is the highest common divisor of d and 24?
24
Let s = 1508 - 1506. Suppose 19 = 4*x + 3. Suppose s*p = x, -4*p - 914 = -3*g - 154. Calculate the highest common factor of 32 and g.
32
Suppose 30*g - 411 = 3339. What is the greatest common divisor of 17375 and g?
125
Let a be (8 - 8)/(4*-1). Suppose 4 = 3*t - 2, -2*f + t = a. Suppose 3 = y - 4. Calculate the greatest common factor of f and y.
1
Let n = 38 - 259. Let i = 59 + n. Let p = -92 - i. What is the greatest common factor of p and 14?
14
Suppose 0 = 10*b - 1156 - 364. Let r be ((b/(-20))/1)/((-12)/30). Calculate the highest common divisor of r and 95.
19
Suppose -11 = -q - 1. Let k = q + -4. Let f be (-96)/36*k/(-8). Calculate the highest common factor of f and 22.
2
Suppose 0 = 10*v - 2*v - 32. Let q be (-1)/v + (-847)/(-28). Let m be 6456/180 + 4/q. Calculate the highest common factor of m and 9.
9
Let x be (-366)/(-42) + (-4)/(-14) - 2. Suppose x + 2 = 3*s. Suppose 0 = 2*v + p - 61, -s*p = -0 + 15. What is the highest common factor of v and 3?
3
Suppose -2*c + 190 = -5*j, 2*j + 111 - 491 = -3*c. Suppose -p + 4*p - 900 = 0. What is the highest common factor of p and c?
60
Let q(v) = -v**3 - 6*v**2 - 3*v + 2. Let a be q(-6). Let f = 4798 - 4578. What is the greatest common divisor of a and f?
20
Let v be -5 + (-2 + 1 - -2) - -37. Let c be (-57)/(-12) - v/44. What is the highest common factor of 6 and c?
2
Let t = 4406 - 4385. Calculate the greatest common divisor of 77 and t.
7
Let z(t) = -t**2 + 117*t - 3027. Let j be z(39). Let b be 947/9 + 6/(-27). Calculate the highest common divisor of b and j.
15
Let v be (-75)/(-6) + 18/(-36). Calculate the greatest common divisor of 148 and v.
4
Suppose -5 + 112 = -3*s + p, 3*p - 15 = 0. Let u = 3568 + -3464. Let l = s + u. Calculate the highest common factor of l and 42.
14
Let r(t) = -t**2 + 15*t - 36. Let w = -32 - -22. Let s be (1 + w/(-6))/(4/12). Let g be r(s). Calculate the greatest common divisor of g and 30.
10
Let x be 6/(-4)*13/((-156)/272). Suppose 25*d - x = 1716. Calculate the highest common factor of 5 and d.
5
Suppose -5*x = -39 - 16. Let j = 648 + -487. Suppose -w = -34*q + 31*q + j, -w = -q + 51. What is the greatest common factor of x and q?
11
Suppose -34*d + 9801 = -7811. What is the highest common factor of 70 and d?
14
Let z = 128 + -69. Suppose 14 = 26*q - 12. Calculate the greatest common factor of z and q.
1
Suppose 48*n = 44*n + 4*i + 224, 3*n - 5*i = 162. What is the greatest common divisor of n and 2537?
59
Suppose 11*j + 49 = 4*j. Let g be (j + 5)*(-25 + -3). Let o(l) = 2*l**3 + 7*l**2 - 2. Let p be o(-3). What is the greatest common factor of p and g?
7
Let y(c) be the first derivative of c**3 - 4*c**2 - 4*c + 15. Let s be y(7). Let q be 34 + 4/((-12)/15). What is the highest common divisor of q and s?
29
Let x = -129 + 1479. What is the highest common factor of 180 and x?
90
Let w = -64 - -81. Suppose -5*b - n - w = -2*b, -2*b - 12 = n. Let x be 15/b + 1 + 4. Calculate the greatest common divisor of x and 22.
2
Suppose -3*f = 3*u - 39, -2*u + 2202*f = 2198*f - 56. Calculate the greatest common factor of 1179 and u.
9
Suppose -v - 4*i - 5 = -9*i, -2*i + 50 = 2*v. Let u be ((-12)/15)/((-3)/(0 + -90)). Let q = u - -74. Calculate the greatest common factor of v and q.
10
Suppose -13*t + 15*t = 0. Suppose t = -c + y + 31, 120 = 10*c - 6*c - 3*y. Calculate the greatest common divisor of 36 and c.
9
Let k = -4230 + 4240. Calculate the greatest common divisor of k and 1970.
10
Let s(i) = 1176*i + 5636. Let j be s(-3). What is the greatest common divisor of 51 and j?
17
Let v be (10/(-8))/((-1)/16). Let p = -2910 + 2935. What is the highest common factor of v and p?
5
Let z(w) = 67*w - 422. Let p be z(7). Calculate the greatest common divisor of p and 7661.
47
Let l be 3 + (2/3)/(8/8028). Let w be 19/(-38)*l/(-3). What is the greatest common factor of w and 14?
14
Suppose -3*y - 4*u + 14568 = 0, -4*u = y - 9*u - 4856. Calculate the highest common factor of y and 16.
8
Let i be 4344/10 - -3*18/(-135). Suppose -3290 = 10*a - 3430. Calculate the greatest common divisor of a and i.
14
Let r(q) = 2*q + 1667. Let u be r(-65). What is the highest common divisor of u and 159?
53
Let q(m) = m**3 + 5*m**2 - m - 4. Let h be q(-4). Let a be 275 + 10/(-2)*1. Suppose 0 = -3*s + a + 258. Calculate the greatest common divisor of h and s.
16
Suppose -3*l - 12 = -7*l. Suppose 2*x = -l*c + 141, -5*x + 3*c = c - 343. What is the highest common divisor of x and 207?
69
Let t be -21 + 38 + -14 + (-2 - -1446)*3. What is the greatest common factor of 75 and t?
15
Suppose -3*s = 7*v - 27, -149*s + 45 = 5*v - 152*s. Let y(w) = -w**2 + 10*w - 8. Let l be y(6). What is the highest common factor of v and l?
2
Suppose -353 + 73 = -40*g. Calculate the greatest common divisor of 3584 and g.
7
Let i be -2 + (-1072)/(-56) + (-1)/7. Let q(b) = b**3 + 1. Let k be q(1). Suppose 79 + i = k*o. Calculate the greatest